vided by 24.
22
Calculate the remainder when 155 is divided by 146.
9
What is the remainder when 131 is divided by 11?
10
What is the remainder when 150 is divided by 70?
10
Calculate the remainder when 3000 is divided by 143.
140
Calculate the remainder when 781 is divided by 2.
1
Calculate the remainder when 159 is divided by 50.
9
What is the remainder when 835 is divided by 112?
51
What is the remainder when 2470 is divided by 815?
25
What is the remainder when 375 is divided by 205?
170
What is the remainder when 1978 is divided by 284?
274
Calculate the remainder when 463 is divided by 26.
21
What is the remainder when 384 is divided by 55?
54
Calculate the remainder when 5683 is divided by 15.
13
Calculate the remainder when 366 is divided by 117.
15
Calculate the remainder when 259 is divided by 74.
37
What is the remainder when 67 is divided by 28?
11
Calculate the remainder when 35 is divided by 18.
17
What is the remainder when 2231 is divided by 29?
27
What is the remainder when 141 is divided by 68?
5
Calculate the remainder when 133 is divided by 15.
13
What is the remainder when 6672 is divided by 1334?
2
Calculate the remainder when 10 is divided by 2.
0
Calculate the remainder when 270 is divided by 52.
10
Calculate the remainder when 2864 is divided by 33.
26
Calculate the remainder when 145 is divided by 117.
28
What is the remainder when 237 is divided by 6?
3
What is the remainder when 1632 is divided by 126?
120
What is the remainder when 1489 is divided by 166?
161
What is the remainder when 1390 is divided by 12?
10
Calculate the remainder when 41 is divided by 16.
9
What is the remainder when 148 is divided by 10?
8
Calculate the remainder when 17 is divided by 6.
5
Calculate the remainder when 80 is divided by 61.
19
Calculate the remainder when 5281 is divided by 35.
31
What is the remainder when 905 is divided by 462?
443
What is the remainder when 285 is divided by 32?
29
Calculate the remainder when 397 is divided by 15.
7
What is the remainder when 462 is divided by 174?
114
Calculate the remainder when 6529 is divided by 21.
19
What is the remainder when 140 is divided by 91?
49
What is the remainder when 280 is divided by 72?
64
Calculate the remainder when 311 is divided by 102.
5
What is the remainder when 3761 is divided by 35?
16
What is the remainder when 170 is divided by 29?
25
What is the remainder when 89 is divided by 44?
1
Calculate the remainder when 104 is divided by 11.
5
Calculate the remainder when 245 is divided by 8.
5
What is the remainder when 868 is divided by 218?
214
Calculate the remainder when 459 is divided by 8.
3
Calculate the remainder when 10569 is divided by 139.
5
What is the remainder when 36 is divided by 6?
0
Calculate the remainder when 217 is divided by 40.
17
Calculate the remainder when 179 is divided by 68.
43
Calculate the remainder when 462 is divided by 47.
39
What is the remainder when 2357 is divided by 392?
5
What is the remainder when 135 is divided by 41?
12
What is the remainder when 341 is divided by 38?
37
Calculate the remainder when 176 is divided by 59.
58
Calculate the remainder when 438 is divided by 123.
69
Calculate the remainder when 74 is divided by 31.
12
Calculate the remainder when 1226 is divided by 400.
26
Calculate the remainder when 77 is divided by 24.
5
Calculate the remainder when 29 is divided by 14.
1
Calculate the remainder when 409 is divided by 46.
41
What is the remainder when 629 is divided by 9?
8
Calculate the remainder when 8451 is divided by 2813.
12
What is the remainder when 67 is divided by 24?
19
Calculate the remainder when 209 is divided by 53.
50
What is the remainder when 2966 is divided by 971?
53
Calculate the remainder when 3119 is divided by 3.
2
Calculate the remainder when 1589 is divided by 53.
52
What is the remainder when 1933 is divided by 327?
298
What is the remainder when 58 is divided by 10?
8
What is the remainder when 52758 is divided by 40?
38
What is the remainder when 1390 is divided by 229?
16
What is the remainder when 3531 is divided by 1176?
3
What is the remainder when 893 is divided by 29?
23
Calculate the remainder when 297 is divided by 31.
18
Calculate the remainder when 31 is divided by 11.
9
What is the remainder when 1078 is divided by 92?
66
What is the remainder when 149 is divided by 15?
14
Calculate the remainder when 608 is divided by 68.
64
Calculate the remainder when 115 is divided by 9.
7
What is the remainder when 231 is divided by 198?
33
Calculate the remainder when 7799 is divided by 166.
163
Calculate the remainder when 37 is divided by 12.
1
Calculate the remainder when 462 is divided by 79.
67
What is the remainder when 69 is divided by 46?
23
Calculate the remainder when 781 is divided by 7.
4
Calculate the remainder when 57 is divided by 4.
1
What is the remainder when 162 is divided by 156?
6
What is the remainder when 957 is divided by 160?
157
Calculate the remainder when 127 is divided by 35.
22
Calculate the remainder when 361 is divided by 75.
61
What is the remainder when 625 is divided by 37?
33
Calculate the remainder when 91 is divided by 40.
11
Calculate the remainder when 1578 is divided by 60.
18
What is the remainder when 371 is divided by 134?
103
What is the remainder when 1027 is divided by 147?
145
What is the remainder when 1927 is divided by 14?
9
What is the remainder when 2201 is divided by 86?
51
Calculate the remainder when 175 is divided by 30.
25
What is the remainder when 1059 is divided by 81?
6
What is the remainder when 347 is divided by 12?
11
What is the remainder when 45 is divided by 17?
11
Calculate the remainder when 76 is divided by 6.
4
What is the remainder when 54 is divided by 22?
10
Calculate the remainder when 46 is divided by 4.
2
What is the remainder when 105 is divided by 37?
31
Calculate the remainder when 318 is divided by 54.
48
What is the remainder when 267 is divided by 202?
65
Calculate the remainder when 237 is divided by 14.
13
Calculate the remainder when 535 is divided by 77.
73
Calculate the remainder when 2217 is divided by 721.
54
Calculate the remainder when 5450 is divided by 1355.
30
What is the remainder when 204 is divided by 83?
38
Calculate the remainder when 13355 is divided by 19.
17
What is the remainder when 316 is divided by 55?
41
Calculate the remainder when 37 is divided by 9.
1
What is the remainder when 41 is divided by 12?
5
Calculate the remainder when 10368 is divided by 122.
120
Calculate the remainder when 94 is divided by 81.
13
What is the remainder when 250 is divided by 16?
10
What is the remainder when 2910 is divided by 60?
30
What is the remainder when 9886 is divided by 43?
39
Calculate the remainder when 128 is divided by 22.
18
What is the remainder when 137 is divided by 55?
27
Calculate the remainder when 308 is divided by 78.
74
What is the remainder when 2293 is divided by 14?
11
Calculate the remainder when 3385 is divided by 284.
261
Calculate the remainder when 189 is divided by 14.
7
Calculate the remainder when 14301 is divided by 16.
13
Calculate the remainder when 3559 is divided by 13.
10
What is the remainder when 237 is divided by 1?
0
What is the remainder when 234 is divided by 71?
21
Calculate the remainder when 449 is divided by 5.
4
Calculate the remainder when 15 is divided by 3.
0
What is the remainder when 687 is divided by 63?
57
Calculate the remainder when 654 is divided by 69.
33
What is the remainder when 223 is divided by 7?
6
Calculate the remainder when 356 is divided by 46.
34
Calculate the remainder when 505 is divided by 75.
55
What is the remainder when 5753 is divided by 51?
41
What is the remainder when 230 is divided by 171?
59
Calculate the remainder when 1446 is divided by 25.
21
Calculate the remainder when 207 is divided by 79.
49
What is the remainder when 172 is divided by 16?
12
What is the remainder when 2021 is divided by 92?
89
Calculate the remainder when 340 is divided by 29.
21
What is the remainder when 802 is divided by 207?
181
What is the remainder when 4999 is divided by 18?
13
Calculate the remainder when 159 is divided by 4.
3
What is the remainder when 623 is divided by 202?
17
Calculate the remainder when 19 is divided by